{"id":644,"date":"2018-06-18T14:12:35","date_gmt":"2018-06-18T17:12:35","guid":{"rendered":"https:\/\/institutoadveniat-ers.infd.edu.ar\/sitio\/?page_id=644"},"modified":"2021-07-02T15:57:48","modified_gmt":"2021-07-02T18:57:48","slug":"catalogo","status":"publish","type":"page","link":"https:\/\/institutoadveniat-ers.infd.edu.ar\/sitio\/catalogo\/","title":{"rendered":"Carreras"},"content":{"rendered":"<p><strong>PROFESORADO DE ENSE\u00d1ANZA SECUNDARIA EN LENGUA Y LITERATURA<\/strong><\/p>\n<p><strong>PROFESORADO DE ENSE\u00d1ANZA SECUNDARIA EN CIENCIA POL\u00cdTICA<\/strong><\/p>\n","protected":false},"excerpt":{"rendered":"<p>PROFESORADO DE ENSE\u00d1ANZA SECUNDARIA EN LENGUA Y LITERATURA PROFESORADO DE ENSE\u00d1ANZA SECUNDARIA EN CIENCIA POL\u00cdTICA<\/p>\n","protected":false},"author":1,"featured_media":0,"parent":0,"menu_order":0,"comment_status":"closed","ping_status":"closed","template":"","meta":[],"acf":[],"_links":{"self":[{"href":"https:\/\/institutoadveniat-ers.infd.edu.ar\/sitio\/wp-json\/wp\/v2\/pages\/644"}],"collection":[{"href":"https:\/\/institutoadveniat-ers.infd.edu.ar\/sitio\/wp-json\/wp\/v2\/pages"}],"about":[{"href":"https:\/\/institutoadveniat-ers.infd.edu.ar\/sitio\/wp-json\/wp\/v2\/types\/page"}],"author":[{"embeddable":true,"href":"https:\/\/institutoadveniat-ers.infd.edu.ar\/sitio\/wp-json\/wp\/v2\/users\/1"}],"replies":[{"embeddable":true,"href":"https:\/\/institutoadveniat-ers.infd.edu.ar\/sitio\/wp-json\/wp\/v2\/comments?post=644"}],"version-history":[{"count":10,"href":"https:\/\/institutoadveniat-ers.infd.edu.ar\/sitio\/wp-json\/wp\/v2\/pages\/644\/revisions"}],"predecessor-version":[{"id":783,"href":"https:\/\/institutoadveniat-ers.infd.edu.ar\/sitio\/wp-json\/wp\/v2\/pages\/644\/revisions\/783"}],"wp:attachment":[{"href":"https:\/\/institutoadveniat-ers.infd.edu.ar\/sitio\/wp-json\/wp\/v2\/media?parent=644"}],"curies":[{"name":"wp","href":"https:\/\/api.w.org\/{rel}","templated":true}]}}